q) = -4*q - 24. Let m be c(-7). What is l(m)?
3
Let u be -5*(-24)/210 + 8/(-14). Let k(s) = -s**2 + 0 + 4 + s + 2*s**2 + s**3. Give k(u).
4
Let n(c) = c**3 + 4*c + 3 + 3*c**2 - 4*c + 2*c. Let u(j) = 3*j + 8. Let d(x) = -x - 3. Let y(k) = -11*d(k) - 4*u(k). Let i be y(4). What is n(i)?
-3
Let s(t) = 3 + 3*t**2 - 3*t + 2*t**2 + 0*t**3 - 1 - t**3. Suppose -1 = f - 2. Suppose -p = c + 2, 17 = p - 4*c - f. Calculate s(p).
8
Let i(g) be the second derivative of -9/20*g**5 + 0*g**4 + 0 - 2*g + 1/3*g**3 + 1/2*g**2. Suppose 0*o + 3 = -3*o. Give i(o).
8
Let a(f) = f**2 - 3 + 2 + 3*f + 0*f. Let o = 1 - 3. Let y be (-12)/(-16)*(o - 2). Give a(y).
-1
Let w(s) be the first derivative of 3*s**2/2 + 6*s + 22. What is w(-5)?
-9
Let b(w) = 9*w - w**2 - w + 2*w**2 - 12. Let m be b(-9). Let a(i) be the second derivative of i**4/6 + i**3/2 - 2*i**2 + 23*i. Give a(m).
5
Suppose 9 = 4*p - 7. Let z = 11 + -9. Let n(m) = 5*m**2 + m**3 - 14 - z*m + 16 - 2*m**3. Calculate n(p).
10
Let a(j) = -j**3 - 7*j**2 + 2. Let r be a(-7). Let o(s) = -2*s**2 - 3*s**2 + 6*s**2 - 3 + 2. What is o(r)?
3
Suppose -212 = 3*j - 7*j. Let y = -31 + j. Suppose 2*g - 5*i = 0, -2*g = 3*i - y + 6. Let m(s) = 3*s - 7. Calculate m(g).
8
Let n(v) = -21 - 20 - v**2 + 39. Calculate n(0).
-2
Let q(n) = 15 + 4*n - n - n**2 + 5*n**3 - 2*n + 3*n. Let f(u) = 2*u**3 + u + 5. Let x(b) = -8*f(b) + 3*q(b). Suppose -4*o + o - 12 = 0. Determine x(o).
5
Suppose 3*j - m = -1, -4*m + 1 + 3 = -j. Let l(z) = -8*z - z**2 + j*z**2 + 8*z. What is l(0)?
0
Let p(l) be the first derivative of -l**3/3 + 9*l**2/2 + 7. Determine p(9).
0
Suppose -3 = -a - 1. Suppose 0*m = 2*m - 4. Let v be a - 2 - (-8)/m. Let j(z) = z**2 - 6*z + 4. What is j(v)?
-4
Let a(g) be the first derivative of 0*g - 1 - 10/3*g**3 + 0*g**2. Suppose 0*o = -o + 1. Give a(o).
-10
Let s(o) = -4*o**2 + 7*o. Let m = 3 + -3. Suppose 4*g + 20 + m = 0. Let i(a) = a**3 - 3*a**2 + 6*a. Let d(y) = g*s(y) + 6*i(y). What is d(-1)?
-5
Let r(s) = -s**3 - 5*s**2 - 6*s - 3. Let x be (-1)/(-4) - 47/(-4). Let p be (8/(-6))/(x/(-18)). Suppose p*t - 6 = a - 14, -2*t + 5*a = 8. Determine r(t).
5
Let y(z) be the second derivative of z**4/12 - 2*z**3/3 + z**2/2 - z. Let l be 4/3*75/20. Calculate y(l).
6
Let m(n) = 2*n - 1. Let k(g) = 5*g - 3. Let l(d) = 4*k(d) - 9*m(d). Calculate l(-3).
-9
Let z = -30 - -28. Let t(b) = 3 + b - 2 + 2*b**2 + 2*b. What is t(z)?
3
Let a(v) = v + 21. Let y be a(-26). Let s(j) = j**2 + 4*j - 1. Calculate s(y).
4
Let n = -6 - -5. Let g = n + 3. Suppose g*h = -2*h. Let z(s) = s**3 + s**2 + s + 8. Determine z(h).
8
Let f be (12/8)/(6/8). Let o(r) be the second derivative of -r**4/6 - r**3/3 + r**2 - 6*r + 6. Calculate o(f).
-10
Let u(a) = -7*a + 11. Let w(n) = -24*n + 39. Let z = -34 - -16. Let k(j) = z*u(j) + 5*w(j). Calculate k(2).
9
Let n be (1/(-2))/((-1)/10). Suppose -n*m + 5 = -2*v, 1 = -3*v + m - 0. Let x(y) = 3*y - 2*y + 6 - 2. Determine x(v).
4
Let t(p) be the third derivative of p**5/60 - 5*p**4/24 + 50*p**2. What is t(4)?
-4
Let q = 24 + -18. Let z(h) be the first derivative of h**3/3 - 7*h**2/2 + 4*h + 1. Calculate z(q).
-2
Let p = -3 - -6. Let f(q) = 2*q - 1. Let k be 2/(-12) + (-51)/18. Let c(y) = 2*y. Let o(b) = k*c(b) + 4*f(b). Determine o(p).
2
Let w be (2 - 5) + (2 - 0). Let l = w + 1. Let z(d) = d**2 + d + 1. Let k(r) = -7*r**2 - 6*r - 7. Let b(y) = k(y) + 6*z(y). Give b(l).
-1
Let y(s) = -s**3 + 4*s**2 + 3*s - 2. Suppose -20 = -6*p + 4. Calculate y(p).
10
Let o(l) be the first derivative of l**4/4 - 2*l**3 + 5*l**2/2 + 4*l + 3. Calculate o(5).
4
Suppose 2*q - 21 = -5*j, 5*q + 24 + 1 = 3*j. Let m(w) = -j - 2*w + w - w. Calculate m(-4).
3
Let b(t) be the first derivative of -7*t**2/2 + 8. Calculate b(1).
-7
Suppose 0 = 3*g - 26 + 8. Suppose -x + g*x = 25. Let o(f) = -f**2 + 5*f + 1. What is o(x)?
1
Let j(z) = 6*z**2 + z - 1. Let g be (-2)/3*(-6)/4. Give j(g).
6
Let n(h) be the first derivative of h**3/3 - 9*h**2/2 + 5*h - 1. Suppose 4*v = -5*m + 40, 4*v = -3*m - v + 24. Let r be n(m). Let k(s) = s + 1. What is k(r)?
-2
Let z(o) = -5*o**3 - 3*o + 10. Let w(j) = -14*j**3 - j**2 - 8*j + 29. Let d(n) = -6*w(n) + 17*z(n). What is d(5)?
6
Let n(i) be the first derivative of -3*i**2/2 - i - 2. Let s be (3/(-2))/(24/(-16)). Determine n(s).
-4
Suppose 4*s = 5*t - 4, 2*t = -3*s - 2*t + 28. Let h(z) = 2*z + 1. Calculate h(s).
9
Let k(o) = -3*o**3 + 1 - 4*o**2 + 2*o + 11*o**3 - 7*o**3. Let m = 8 + -4. What is k(m)?
9
Let m(c) = -c**2 + 6*c + 11. Let d be m(7). Let h(t) = 4*t - t - 2 - d*t. Calculate h(-1).
-1
Let y(m) = m - 1. Let q be (7/(-1) - 1)*(-1)/2. Calculate y(q).
3
Suppose 5*d + x - 38 = 0, -2*d - 32 = -7*d + x. Let y(k) = -k**3 + 8*k**2 - 9*k - 7. Calculate y(d).
-21
Let x = 9 - 4. Let c(m) = -m**2 + 2*m - 3. Let r(q) = -2*q**2 + 3*q - 7. Let l(b) = 9*c(b) - 4*r(b). Calculate l(x).
6
Suppose 2*x + 2 = 0, 3*t - 3*x = 2 + 7. Suppose 3*g - 35 = 5*s, t = 2*s + 5*g + 16. Let r(z) = -z - 4. Calculate r(s).
3
Let v(s) = -s**3 - 4*s**2 - 2. Let o = 45 - 49. What is v(o)?
-2
Let u = 8 - 6. Let w(h) = 4*h**2 - 3*h**2 - 5 - h + 2*h**u - 2*h**2. Give w(4).
7
Let r(w) = -4*w - 2. Suppose 0*z = o + 4*z - 12, -5*z = -4*o - 36. Let u = -3 - o. Let i be ((-4)/10)/(u/5). Give r(i).
6
Let m(f) = 5*f + 16. Let l(y) = 3*y + 17. Let i(z) = 3*l(z) - 2*m(z). Give i(10).
9
Let o be 1/1 + 0 + 1. Suppose -1 = -3*l + 8. Let z(a) = 3*a + a**l + 0*a - o*a + 3. What is z(0)?
3
Let o be 1/(-4) + (-21)/(-4). Let h(y) be the second derivative of -y**3/3 + 3*y**2 - 21*y. What is h(o)?
-4
Let c be 2/(-3)*(-6)/(-1). Let b = c + 2. Let u(r) = 5*r. Calculate u(b).
-10
Let s(h) = h + 0 + 2 - 2. Determine s(-5).
-5
Let w be (-7)/(-2) + 4/(-8). Suppose -w*a - 4*r = -3*r - 8, r + 4 = a. Suppose 0 = -0*m + a*m. Let c(i) = i**3 - i**2. What is c(m)?
0
Let j(d) = -27*d**2 + d + 15. Let y(z) = -13*z**2 + 8. Let h(n) = -3*j(n) + 5*y(n). Let r(o) = -8*o**2 + o + 2. Let s(x) = 3*h(x) + 7*r(x). Give s(-1).
-7
Let s(j) be the second derivative of -j**6/120 + j**5/10 - j**4/4 - j**3/3 + j**2 - j. Let i(u) be the first derivative of s(u). Determine i(5).
-7
Suppose 0 = -g - 4*d + 16, -3*g + 2*g = 5*d - 19. Suppose 0 = -2*t + 4 + g. Let j(p) = 4 + 5 - 7 - 2*p. Calculate j(t).
-6
Let o be (-4 - (-2)/1) + 1. Suppose 0*y + y - 2 = 0. Let j(x) = 0 + 7*x**2 - x + 2*x - 1 - y*x. What is j(o)?
7
Let j(v) be the second derivative of -v**4/12 - v**3 - v**2 - v. Let a(h) = -h. Let q = -29 + 28. Let i(p) = q*j(p) + a(p). Give i(-5).
2
Suppose 4*s - 3*y + 19 = 0, 7*s + 4*y + 16 = 2*s. Let t(i) be the second derivative of 1/12*i**4 + 1/3*i**3 + 0*i**2 + 2*i + 0. Calculate t(s).
8
Let p(h) = -2*h + 2 - 36*h**2 - 1 + 29*h**2. Let c = 6 + -1. Suppose 0 = 4*q + 1 - c. Give p(q).
-8
Let s(a) be the first derivative of a**2 + a - 26. Calculate s(5).
11
Let z(a) = -3*a**2 + 13*a + 17. Let r(i) = -i**2 + 7*i + 8. Let m(f) = 5*r(f) - 2*z(f). Calculate m(-6).
-12
Suppose 3*t - 2*q = -9, -5*t - q - 2*q - 15 = 0. Let m be ((-2)/(-8))/(t/(-12)). Suppose -f = -m - 3. Let k(w) = -3*w + 2. What is k(f)?
-10
Let u(w) = -w**3 - 11*w**2 - 7*w + 20. Let d be u(-10). Let t(s) = s**2 + 9*s - 4. Determine t(d).
6
Let y(n) be the second derivative of -n**3/3 - n**2/2 - 9*n. Determine y(-1).
1
Let v(r) = -r**2 + 2*r - 4. Let i(a) = 4*a**3 - a**2. Let s be i(1). Determine v(s).
-7
Suppose 3*v + 19 = f + 6, 2*v + 18 = -4*f. Let b(m) = -2*m**2 - 60437*m**3 + m + 60434*m**3 + 1 - 2. Calculate b(f).
13
Let g be (-25)/(-10) + (-2)/4. Let p(q) = q**2 - 3*q**g + 7 + q**3 - 7*q - 3*q**2. Determine p(6).
1
Let f be 33/(-55) + (-36)/(-10). Let h(u) be the third derivative of -3*u**2 + 0 + 0*u + 1/6*u**f + 1/24*u**4 + 0*u**5 + 1/60*u**6. Give h(-1).
-2
Let m(a) = a**2 + 6*a + 4. Let x = 13 + -16. Calculate m(x).
-5
Suppose -2 = -4*y - 3*t + 5*t, 2*y = 4*t + 16. Suppose -5*c - 5 = 5*x, 5*c + 3*x - 25 = 8*x. Let f(l) = -l + l**2 + 4*l - l**2 - 3*l**c + 3 - l**3. Give f(y).
-7
Let g = 10 + -7. Suppose -3*a = -4*a + g. Let s(w) = w**2 - 3*w - 3. Calculate s(a).
-3
Let s(z) = z. Let f be s(1). Let g(d) = 7*d**2 - d + 1. Let c be g(f). Let u(a) = -a**2 + 5*a + 9. Calculate u(c).
-5
Let s(b) = -9*b**3 + 4*b**2 + 3*b - 5. Let j(d) = 4*d**3 - 2*d**2 - d + 2. Let y(q) = -14*j(q) - 6*s(q). Calculate y(2).
-6
Let i(n) = -6 - 4*n + 1 - 374*n**3 + 3